1)/(n/(-54)*2)?
3
Let u(j) = -3*j - 26. Let a be u(-11). Suppose -5*h + a*h - 2 = 0. What are the prime factors of 44 - (-3 + h - 0)?
2, 23
Let g(h) = 624*h - 1137. List the prime factors of g(48).
3, 5, 17, 113
Suppose -3*y = y. Let b be -4 + y + 3 + 1. Suppose b*l = l + 5*p - 105, 107 = l + 4*p. List the prime factors of l.
5, 23
Let u(i) = -6*i + 1. Let x be u(-2). Suppose -9*h - 44 = -53. Let n = h + x. What are the prime factors of n?
2, 7
Let y(m) = -m**3 - 7*m**2 - 7*m - 8. Let u be y(-6). Let c be (56/(-12))/(u/9). Suppose 7 = -q + c. What are the prime factors of q?
2, 7
Let r(v) be the second derivative of v**3/6 - 8*v**2 + 27*v. Let l be r(15). List the prime factors of l/1 - (-1768)/17.
103
Let f(o) = 127*o - 23. Let q be f(4). Suppose -2*x - 4*u = x - q, 2*x - u = 338. What are the prime factors of x?
167
Let b be -76*(-65)/30*3. What are the prime factors of 1131 + ((-52)/b - 118/(-38))?
2, 3, 7
Let f be (4/(-10))/1*(28 - 43). Let w be (-3 - -3) + (f - 2). Suppose -u + 713 = 2*r + 156, u = w*r - 1099. List the prime factors of r.
2, 3, 23
Let g(b) = -166*b**2 + 8*b + 5*b + 170*b**2 - 14. List the prime factors of g(-12).
2, 7, 29
What are the prime factors of (10459 - 47) + (-5 - -6)?
3, 13, 89
Let c = -228 - -55. Let d = c - -199. List the prime factors of d.
2, 13
Suppose 3*l = 3*h + 63, -h + 0*h + 5*l - 17 = 0. Let j be 248/88 + (-4)/h. Suppose 4*g = 5*d + 924 + 131, j*d = -3*g + 798. List the prime factors of g.
5, 53
Suppose 0 = -w + 4*k + 267, w - 270 = 2*k + 3*k. Let f = w + 44. What are the prime factors of f?
13, 23
Suppose 38*n = 32*n - 18. List the prime factors of (-291)/(-6)*(1 - 0 - n).
2, 97
List the prime factors of (-66922)/(-6) - (-29 - (-946)/33).
2, 3, 11, 13
Let v(w) = -5*w**2 + 239*w - 105. List the prime factors of v(18).
3, 859
Let y(l) be the second derivative of 4*l**3 + 0 + 15*l + 3/2*l**2. What are the prime factors of y(4)?
3, 11
Let w(b) = -b**2 - 16*b - 28. Let r be w(-14). Suppose s + 14 + r = 0. Let p(n) = -8*n - 23. What are the prime factors of p(s)?
89
Suppose 15*c = 4*h + 14*c - 264725, 0 = 4*c + 20. What are the prime factors of h?
2, 3, 5, 1103
Suppose 5*a - 5 = b, 3*a + 1 + 24 = -5*b. Suppose 5*m = a, 19 + 26 = 5*j + m. Suppose -3*s = -j, r - 5*s - 70 = -0*r. What are the prime factors of r?
5, 17
Let r be (24/(-15) - -2)*(-7 + 62). Suppose 15*t = r*t - 14. List the prime factors of -2 + (t - (-644)/4).
7, 23
Suppose -5*a + 437 = r - 13, 4*a = -5*r + 2187. Suppose -945 - r = -4*u. List the prime factors of u.
3, 5, 23
List the prime factors of (-1 - -4224) + (-47)/(658/84).
4217
Let u = -1403 + 1980. Let i = u + -245. What are the prime factors of i?
2, 83
Let q(k) = 4669*k - 1. Let m be q(-1). Let c be 13/104 + m/(-16). Suppose 2*s = 6*s - c. List the prime factors of s.
73
Suppose -7*g = -6*g - 564. What are the prime factors of (6 - 3)*(g/9)/2?
2, 47
Let d = 2311 - -2226. List the prime factors of d.
13, 349
Let x = 2697 + -1337. What are the prime factors of x?
2, 5, 17
Let o(n) = -1102*n - 2164. List the prime factors of o(-19).
2, 3, 7, 149
Suppose -3*x - 5206 - 305 = 0. Let u = -1034 - x. What are the prime factors of u?
11, 73
Let b(m) = 99*m**3 - 4*m**2 - 13*m + 36. List the prime factors of b(5).
2, 3, 13, 157
Suppose 38*d - 800356 = -38*d. List the prime factors of d.
10531
Let g(s) = s**2 + s + 55. Let y be g(-15). Let w = 654 - y. List the prime factors of w.
389
Let n = -775 + 4034. What are the prime factors of n?
3259
Let q be -26*-60*15/(-40). Let p = 764 + q. What are the prime factors of p?
179
What are the prime factors of (-17 - -19)/((-1)/2)*-870?
2, 3, 5, 29
Suppose -2*p + 8278 = -2*g, 4*p + 20*g - 23*g = 16560. List the prime factors of p.
3, 1381
Let f(t) = 3*t - 15. Let q be f(6). Suppose 144 + 838 = q*d - 4*m, -1316 = -4*d + 2*m. Suppose 18*y - d = 13*y. List the prime factors of y.
2, 3, 11
Let r = -136 + 96. Let i be 3/(-5) - (-56)/r. List the prime factors of i*1 + (-8)/(32/(-580)).
11, 13
Suppose -3*o = 2*y - 1493 - 1648, -4*o + 4184 = 4*y. List the prime factors of o.
1049
Suppose -48369*x + 752700 = -48344*x. List the prime factors of x.
2, 3, 13, 193
Suppose 15*c + 24 + 6 = 0. List the prime factors of 2/((-3)/(579/c)).
193
Suppose -31 = 39*r - 70. Let y(x) = 42*x - 3. Let a(g) = 41*g - 3. Let z(l) = 4*a(l) - 3*y(l). What are the prime factors of z(r)?
5, 7
Suppose 1628*w = 1598*w + 557850. What are the prime factors of w?
5, 3719
Suppose -5*u + 15 = -2*u. What are the prime factors of (3 - (-483)/(-6))/(u/(-10))?
5, 31
Let l = 40 - 27. Suppose l*d + 184 = 17*d. Suppose -3*y + d + 215 = 0. What are the prime factors of y?
3, 29
Let t(d) = 10*d - 96. Let c be ((-12)/14)/2 + 11568/336. List the prime factors of t(c).
2, 61
Suppose 0 = -3*a + 15 - 6. Suppose 11 + 1 = 3*o, -a*f = 5*o - 581. Suppose 20 = -3*c - 2*k + 318, -k = -2*c + f. List the prime factors of c.
2, 3
Let c = -495 - -491. Let p(y) = -25*y**3 + 7*y**2 + 15*y - 4. List the prime factors of p(c).
2, 103
Suppose 0 = -491*p + 239*p + 230*p + 508882. What are the prime factors of p?
23131
Let q(p) = -727*p - 6978. List the prime factors of q(-34).
2, 5, 887
Let u(f) = 3795*f**3 + f**2 - 49*f + 49. What are the prime factors of u(1)?
2, 13, 73
Suppose -582 = -5*c - 116*r + 118*r, 4*c = 5*r + 452. What are the prime factors of c?
2, 59
Let c = -82 - -490. Suppose 8*z = -32 + c. List the prime factors of z.
47
Suppose y = 3*r - 0*y - 160, 3*r + 4*y = 170. What are the prime factors of (-9)/((-135)/170)*r?
2, 3, 17
Let g(n) = -n**3 - 5*n**2 + 11*n - 1. Let b be g(-7). Suppose -5*w - 2*v + 9 = v, 0 = -4*w + 4*v + b. List the prime factors of 1/w - 1876/(-42).
3, 5
Let h = -28213 + 57790. What are the prime factors of h?
3, 9859
Let z(f) = -74*f**2 + 20*f + 7. Let x be z(3). Let l be (435/30)/((-1)/(-60)). Let g = l + x. What are the prime factors of g?
271
Let o(d) = d**3 - d**2 - 4*d + 3. Let m be o(-3). Let j = 93 + m. Let a = -16 + j. List the prime factors of a.
2, 7
Suppose -5*h = 5*a - 85, -4*h + 5*a = -h - 91. Suppose 0 = 4*s - h + 6. Suppose 0*q + 8 = q + s*w, -2*q - w + 44 = 0. List the prime factors of q.
2, 3
Suppose 0 = 5*x + 4*r + 309, -4*x - r = -x + 191. List the prime factors of (-30667)/x - (-8)/(-10).
3, 157
Suppose -11*x + 12*x - 32 = 0. Let z = -19 + 19. Suppose -4*u + 5*u - x = z. What are the prime factors of u?
2
Suppose -88*l = -702202 - 756937 - 240933. List the prime factors of l.
19319
Let v(j) = -3*j**2 - 16*j - 3. Let p be v(-5). Let m(a) = 3*a**2 - 4*a + 2. Let w be m(p). Suppose 0*u = -w*u + 126. What are the prime factors of u?
3, 7
Suppose -277*w + 282*w + 15 = 0. List the prime factors of (-2)/(-11) - ((-24685)/55 - w).
2, 223
Let c = 2574 - -2730. List the prime factors of c.
2, 3, 13, 17
Suppose -18 = -4*w - z, 5*z = 3*w - 0*w - 2. Let l be ((-14)/3)/(4/(-816)). Suppose -2*f - w*s - 1 = -477, 3*s = -4*f + l. What are the prime factors of f?
2, 7, 17
Let j = 128761 - 86653. List the prime factors of j.
2, 3, 11, 29
Suppose 23*m - 118590 = 70056. List the prime factors of m.
2, 3, 1367
What are the prime factors of (2/(-15)*66)/((-208)/1258920)?
2, 3, 11, 269
Let b(v) = 5*v**2 + 364*v - 345. What are the prime factors of b(40)?
3, 5, 1481
Suppose -8659333 - 488396 = -139*p. What are the prime factors of p?
3, 21937
Let h(j) = 5*j**2 + 7*j + 50. Let b(f) = 4*f**2 + 8*f + 49. Let x(n) = -6*b(n) + 5*h(n). List the prime factors of x(18).
2, 23
Let a(w) = -1887*w - 1900. What are the prime factors of a(-9)?
15083
Suppose 112 = 51*k - 194. Let j = 628 + k. List the prime factors of j.
2, 317
Let b(z) = 9*z**2 - 3*z - 68. Let p be b(20). Suppose 2*t = -0*t - 4*i + p, 3*t + 3*i = 5214. What are the prime factors of t?
2, 3, 5, 29
Suppose g - 102 = -y, 0 = -3*y + 5*y - 5*g - 190. Let s(c) = 36*c + 238. Let b be s(-7). Let l = b + y. What are the prime factors of l?
2, 43
Suppose -2*a = 4*w - 581 - 501, 5*a - 2749 = w. List the prime factors of a.
3, 61
Suppose -3*p = -9 - 0. Let u(b) = 48*b**2 + 5*b - 7. Let z be u(p). Suppose -x - 7*x = -z. What are the prime factors of x?
5, 11
Suppose 149 = 2*y - 131. Suppose 2*n = 9*n - y. Suppose 0 = 4*p - n, z - 2*p = -0*z + 44. List the prime factors of z.
2, 3
Let q(t) = -8*t**2 - 3*t + 6. Let a be q(-4). Let g = a - -293. List the 